y l?
9
Let v = -26 - -28. Suppose 98 = 2*q + 2*z, -57 = -v*q + 2*z + 41. Let g = q - 42. What is the remainder when 13 is divided by g?
6
Let f(d) = 9*d - 10. Let o(t) = 3*t + 35. Let s be o(-9). Let j(k) = k**3 - 8*k**2 + k - 6. Let l be j(s). What is the remainder when 20 is divided by f(l)?
4
Let z be -10 - ((2 - -1) + -5). Let c be -1*4/z*2*83. Let h = -68 + c. What is the remainder when 28 is divided by h?
13
Let n = 1472 + -1303. What is the remainder when n is divided by 95?
74
Let f = 201049 + -201014. Suppose -4*n + 41 = 3*d, 2*d - 5*n + n = 54. What is the remainder when f is divided by d?
16
What is the remainder when (2 - 33/21) + 120620/140 is divided by 428?
6
Let b be (-1 - (2 + -3)) + -18. Let a = b + 21. Let o(s) = s**2 + 3*s. Calculate the remainder when o(a) is divided by 7.
4
Let t(x) = x**2 + 37*x - 46. Suppose -230*o - 312 = -222*o. Calculate the remainder when 246 is divided by t(o).
22
Let u(b) be the third derivative of -4*b**2 + 0 + 3/2*b**3 - 1/60*b**5 + 7/8*b**4 + 0*b. What is the remainder when 83 is divided by u(20)?
25
Let m = -33 - -55. Let n be m/6 + (-2)/3. Suppose -4*g - 166 = -5*t, -6*t + 173 = -t + n*g. Calculate the remainder when t is divided by 7.
6
Suppose 3*l = 3*t - 378, 202 = -3*l + 4*t - 175. Let o = l + 182. Calculate the remainder when o is divided by 35.
20
Let b = -13 + 50. Let n(h) = -14*h + 7. What is the remainder when n(-15) is divided by b?
32
Let b = 11 + -3. Suppose 0 = -64*i + 1253 + 91. Calculate the remainder when i is divided by b.
5
Suppose 3*b + y = 4*y + 924, 4*y = 8. Calculate the remainder when b is divided by 165.
145
Let s = -222 - -66. Let c = 121 - s. Calculate the remainder when c is divided by 35.
32
Suppose 6*l - 12 = 4*l. Suppose -z = -4*y - 53, 2 - l = -2*y. Suppose -h = -z + 8. Calculate the remainder when h is divided by 8.
5
Suppose 2*p + 4 = 0, 9*t - 7*t - p = 42. Calculate the remainder when 238 is divided by t.
18
Suppose 4*s = -371 - 441. Let v = 230 + s. Calculate the remainder when v is divided by 7.
6
What is the remainder when (754/377)/(4/18742) is divided by 15?
11
Suppose -3*l = -3 + 6, 0 = -5*j - l - 1. Suppose -2*z + 186 = -j*z. What is the remainder when z is divided by 14?
9
Let t(v) = v**2 + v - 1. Suppose -u + 6 = 4. Calculate the remainder when ((-10)/2)/(8 + (-1038)/126) is divided by t(u).
1
Suppose -83*u + 90*u + 1638 = 0. What is the remainder when 74 is divided by -2 - -4 - u/9?
18
Let o(q) = -13*q + 6. Let x be o(4). Suppose -48*z - 11*z + 12604 = 33*z. Calculate the remainder when z is divided by x/(1 - (3 - 0)).
22
Let m be (-3 - 3/4)*-112. Let d = -146 + m. Calculate the remainder when d is divided by 23.
21
Let d(b) = 7*b + 2. Let t be d(0). Suppose t*y - 5*l = 62, 10*y + 142 = 14*y - l. What is the remainder when 128 is divided by y?
20
Suppose 887 - 1021 = -2*g. Calculate the remainder when g is divided by 15.
7
Suppose 4*z - 21 = -0*c + c, -5*c - 5*z - 55 = 0. Calculate the remainder when 128 is divided by (52/10)/(c/(-65)).
24
Suppose -4*s = -4*d - 14 - 50, 5*d = 3*s - 46. Suppose 18*q = s*q. Suppose 164*b - 169*b + 50 = q. What is the remainder when 15 is divided by b?
5
Let n(h) = 20 + 3*h - 54*h**2 + 28*h**2 + 25*h**2. Calculate the remainder when n(0) is divided by 4.
0
Suppose -5*y + 3*c + 52 = -0*c, -y = 2*c. Suppose y*w = 3*w + 245. Suppose 23*x + 1015 = 5477. Calculate the remainder when x is divided by w.
47
Let l be 2/(-4) + 242/(-8)*-2. Let y = l + -46. Suppose -z - z + 29 = -w, -z + w = -y. Calculate the remainder when 28 is divided by z.
13
Let d be 2*2/12*0/(-23). Suppose -y - y + 50 = 5*j, -5*y - 25 = d. Calculate the remainder when 142 is divided by j.
10
Suppose -5*o - 75 = -0*o. Let m = o + 26. Suppose -3*f + 111 = 4*j, 0 = -f - 17*j + 19*j + 17. Calculate the remainder when f is divided by m.
7
Let g(m) = -172*m - 207. Calculate the remainder when 319 is divided by g(-2).
45
Let c = -199 - -231. Calculate the remainder when ((-52)/(-130))/(2/250) is divided by c.
18
Let h(b) = -5*b - 13. What is the remainder when h(-10) is divided by (2 + 0)*1564/136?
14
Suppose -97*x + 4679 - 23 = 0. What is the remainder when x is divided by 17?
14
What is the remainder when ((-4)/14 - (-36490)/(-175))/(422/(-1055)) is divided by 116?
58
Suppose m + 20 = -4*m, v - 52 = -2*m. Let u = v + -44. Suppose 0*g + 4*g + u = 0, y = 4*g + 71. What is the remainder when y is divided by 19?
17
Suppose 3*s = -4*b - b + 385, -2*b = -2*s + 278. Calculate the remainder when s is divided by (-5)/6*4/(-35) + (-798721)/(-17787).
0
Let n(c) = -6*c**2 - 5*c - 13. Let a be n(6). What is the remainder when (1 + 0/1)/((-7)/a) is divided by -4 + 4/4 - -13?
7
Let z(i) = 47*i**2 + 505*i - 7. Calculate the remainder when 13997 is divided by z(-11).
122
Let u = -9206 - -9325. What is the remainder when 352 is divided by u?
114
Let y = -13063 - -13915. Calculate the remainder when y is divided by 19.
16
Let u(a) = a**2 + 2*a. Let f be u(-2). Suppose -5*b + 336 - 16 = f. Suppose -6*p + 8*p - 44 = 0. What is the remainder when b is divided by p?
20
Suppose -100 = -3*y + r - 6*r, 116 = 4*y - 2*r. Let w(c) = c**2 - 2*c. Calculate the remainder when y is divided by w(4).
6
Let x = -184 + 181. What is the remainder when ((-6)/(-15))/(x/(-45)) is divided by 5?
1
Suppose 32697 = 139*z - 8725. Calculate the remainder when z is divided by 6.
4
Let i be -2*((-132)/8 - -6). Calculate the remainder when 5703/i + 30/21 + -1 is divided by 69.
65
Let y = -77 + 138. Let i = y + -50. Suppose -h + 15 = -19. What is the remainder when h is divided by i?
1
Let t be (30/(-9) - -2)*-15. Calculate the remainder when (1 + -7)/(t/(-90)) is divided by 15.
12
Let k = 128 - 70. Let s = -15 - -15. Suppose s*g + 3*g = 60. Calculate the remainder when k is divided by g.
18
Let u = -371 - -179. Let x = u + 225. What is the remainder when 493 is divided by x?
31
Suppose 0 = -9*v + 12*v + 2*j - 288, v + 2*j - 96 = 0. Calculate the remainder when 482 is divided by v.
2
Suppose -666 = -3*f + 234. What is the remainder when f is divided by 2475/(-45)*4/(-10)?
14
Let v(a) = -2812*a - 55. Calculate the remainder when v(-1) is divided by 20.
17
Let h = -4229 + 4413. Let r = -67 - -116. Calculate the remainder when h is divided by r.
37
Let q = 12292 + -10852. What is the remainder when q is divided by 69?
60
Let h(l) = 4*l**2 - 8*l + 11. Suppose -7*a = -38 + 17. Let w(i) = i**3 - 10*i**2 + 2*i - 14. Calculate the remainder when h(a) is divided by w(10).
5
Let t(a) = 4*a**3 + 76*a**2 - 6*a - 72. Calculate the remainder when 123 is divided by t(-19).
39
Let o(p) be the second derivative of p**2 - 29/6*p**3 + 0 + 17*p. Calculate the remainder when o(-2) is divided by 31.
29
Let u(g) = -g**2 - 6*g - 5. Let r be u(-2). Suppose 510 = r*v + 2*v. Let n(y) = y**3 - 18*y**2 + 20*y - 25. Calculate the remainder when v is divided by n(17).
24
Let u(a) = 7*a**2 + 1820*a + 10831. Let m(o) = -11*o - 5. What is the remainder when u(-254) is divided by m(-4)?
7
Let d(k) = k**3 - 17*k**2 + 27*k + 45. Let a be d(15). Suppose -10*s - 22*s + 704 = a. Calculate the remainder when 168 is divided by s.
14
Suppose -258 = -23*g + 20*g. Suppose 2*c - 3*d = -0*d + 5, 3*c - 11 = d. Suppose -26 = c*q - 5*z - g, z + 15 = q. What is the remainder when 27 is divided by q?
12
Let t = 1286 - 821. Suppose 463*q + 166 = t*q. Calculate the remainder when q is divided by 21.
20
Suppose -29*l - l + 2328 = 67*l. What is the remainder when 1173 is divided by l?
21
Suppose -2*f = -67*b + 64*b + 706, -12 = -3*f. What is the remainder when 1078 is divided by b?
126
Calculate the remainder when 59 is divided by (-1104)/(-20) - (3 - 126/45).
4
Let t be ((-2)/3)/(22/22935*1). Let n = t + 720. What is the remainder when 143 is divided by n?
18
Let r(v) = -9*v**2 + 437*v + 94. What is the remainder when r(48) is divided by 104?
22
Suppose -w = 4*p - 6767, -3*p = 70*w - 71*w - 5070. What is the remainder when p is divided by 77?
74
Let g = 316 - 313. Calculate the remainder when (-1 + -11)/(324/112 - g) is divided by 38.
36
Suppose -8 - 8 = -3*z + a, 3*z - 5*a = 8. Calculate the remainder when z/(-27) + 3752/36 + -1 is divided by 13.
12
Let g = -75 - -24. Let y = 27 + -63. Let z = y - g. What is the remainder when 70 is divided by z?
10
Let g(x) =